prime factors of p.
2, 3
Suppose 8 = -3*v + 5*d, d = 4*d + 6. Let w = v - -15. What are the prime factors of w?
3
Suppose 0 = h + h + 6. Let x be (h/6)/((-1)/4). Suppose 3*o = 49 + x. List the prime factors of o.
17
List the prime factors of (688/24)/(-4*(-1)/18).
3, 43
Suppose 4*j - 5*f - 188 + 480 = 0, 320 = -5*j - 5*f. List the prime factors of j/(-3)*33/22.
2, 17
Suppose 4*l - 371 = -3*l. What are the prime factors of l?
53
Suppose -4*v = -5 - 223. Suppose -3*n + 6 = -5*h - 1, 4*n + 4*h = 20. Suppose k + v = n*k. List the prime factors of k.
19
Let d(q) = 13*q**2 + q. List the prime factors of d(-2).
2, 5
Suppose 15 = -y + 29. What are the prime factors of y?
2, 7
Let r(i) = -i**2 + i. Let o = -6 + 8. Let b be r(o). What are the prime factors of 2/(20/(-11) - b)?
11
Let k = 182 + -112. List the prime factors of k.
2, 5, 7
List the prime factors of ((-42)/3)/((-10)/5).
7
Suppose -5 = z, 4 = -3*w + 3*z + 25. Suppose w*f = f + 6. What are the prime factors of f?
2, 3
Let i = 68 - -15. What are the prime factors of i?
83
Let a be (-4)/(-1) - (-2)/2. Let m be (-50)/15*(-5 + 2). Suppose -5*x + 4*w + m = -5, -45 = -a*x - 2*w. What are the prime factors of x?
7
Suppose -48 = -3*q + 27. Let s = 59 - q. What are the prime factors of s?
2, 17
Let t(j) = -41*j**3 + j. Let r be t(-1). Let y = 1 + r. What are the prime factors of y?
41
Let s = 6 - 2. Let g = s + -3. List the prime factors of (-1 - g)*-1 - -8.
2, 5
Suppose 0*k = 5*k - 75. Let n = k - 11. Suppose 0*i + i - 7 = -r, -n*r = 3*i - 29. What are the prime factors of r?
2
Suppose l = 4*l - 96. Suppose 10 = -2*y + l. What are the prime factors of y?
11
Let k(l) = 2*l. Let v be k(-6). Let x be (v/2)/3*-1. List the prime factors of (-88)/(-6) - x/(-6).
3, 5
Suppose -a = -3*f + 131, 0 = -3*f + 4*f - a - 47. List the prime factors of f.
2, 3, 7
Suppose -d + 2*x = -2*x + 2, -5*d + 4*x = 10. Let i = d + 6. Suppose -i*o = -24 - 28. What are the prime factors of o?
13
Suppose -4*s + n - 4*n - 31 = 0, -s + 6 = -2*n. Let i = 1 - s. What are the prime factors of i?
5
Suppose 0 = 5*s - 4*k - 97, 2*k + 3*k + 15 = 0. List the prime factors of s.
17
Let k = 729 + -460. What are the prime factors of k?
269
Suppose 5*p - 313 + 113 = 0. What are the prime factors of p?
2, 5
Suppose 3*j - 12 + 3 = 0. Suppose -4*r = 5*d - 113, -4*r - j*d = -0*d - 103. What are the prime factors of r?
2, 11
Let x(s) be the first derivative of 5*s**2 - 3*s + 3. What are the prime factors of x(2)?
17
Suppose 5*j = -0*j + 110. Suppose l = 3*l - j. What are the prime factors of l?
11
Let f = -19 - -33. List the prime factors of f.
2, 7
Let r(z) be the first derivative of 4*z**3/3 - 2*z**2 + z + 2. What are the prime factors of r(3)?
5
Let a be (-239)/(-2) - 11/(-22). List the prime factors of (2/(-2))/((-6)/a).
2, 5
Suppose 5*g = 7 + 23. Let s(u) = u**3 - 5*u**2 - 7*u + 8. What are the prime factors of s(g)?
2
Suppose -18 = -m - 3*y, 4*m + 3*y - 63 = -0*y. Suppose m = o - z, -2*z = 5*o + z - 91. List the prime factors of o.
17
Let g = 5 - 3. Suppose g*x + x - 6 = 0. Suppose -3*l - 34 = -3*v - 8*l, -5*l - 6 = -x*v. List the prime factors of v.
2
Let m(t) = -t**2 - 8*t + 10. List the prime factors of m(-7).
17
Let o(r) = 2*r**2 - r. Let m be o(2). Let l be -18*2*m/(-4). Suppose 4*c = 5*w + l, 5*c - 22 = -5*w + 23. What are the prime factors of c?
11
Let i(q) be the third derivative of -1/24*q**4 + 2/3*q**3 - 3*q**2 - 1/60*q**5 + 0*q + 0. What are the prime factors of i(0)?
2
Suppose 5*j - 3*j + 5*h + 4 = 0, h - 10 = -4*j. Suppose -2*w + 100 = j*w. List the prime factors of w.
2, 5
Let f = 26 + 13. Let d = 63 - f. Suppose -4*m + d = -m. List the prime factors of m.
2
Let t be 52/6 + (-4)/(-12). Suppose 0 = -f + t. List the prime factors of f.
3
Let w be 3 + 8/12*3. Suppose -w*z = -z - 168. What are the prime factors of z?
2, 3, 7
Suppose -d + 4 = 3*j - 17, -5*d + 2*j = -54. List the prime factors of d.
2, 3
Suppose 9*q = 8*q - 2. Let z(g) = -g**2 + 2*g + 2. Let j be z(4). What are the prime factors of j*(1/q)/1?
3
Let n(w) = -w**2 + 20*w - 16. What are the prime factors of n(12)?
2, 5
Let w(b) be the third derivative of -b**6/120 + b**5/10 - 5*b**4/24 + b**3/3 + b**2. Let c be w(5). What are the prime factors of c/4*(-5 + 9)?
2
Suppose 0 = d - 0*d - 51. Suppose -d = -6*s + 3*s. What are the prime factors of s?
17
What are the prime factors of 22/187 + 5523/17?
5, 13
Suppose 6*q - 24 = 4*q. What are the prime factors of q?
2, 3
Suppose -2*k + 2*c = 0, -3*c + 6 = 3*k - 4*c. Suppose -k*v = 2*v - 40. List the prime factors of v.
2
Let y be -3*(-1)/3 - -1. Let v(i) = 2*i**3 - 4*i**2 + 4*i - 3. List the prime factors of v(y).
5
Suppose -38 = 4*m - 10. Suppose 0 = -p + 3, z + 2*z - 45 = -2*p. Let o = m + z. What are the prime factors of o?
2, 3
Suppose -3*r - 2*f = -262, -5*r = f - 292 - 133. Let t be (1/(-1))/((-4)/r). What are the prime factors of t/4 - 6/24?
5
Suppose -23 = -i - 5*q, -2*q - 2*q - 57 = -5*i. Let y = i - 1. List the prime factors of y.
2, 3
Suppose 57*s - 53*s - 1336 = 0. What are the prime factors of s?
2, 167
Suppose -4*c + 1291 = -3*t, 0*t = -2*t - 10. What are the prime factors of c?
11, 29
Let w(m) = -m**3 + 4*m**2 + 7*m - 7. Let k be w(5). Suppose h + 20 = -3*h, -19 = -k*p - h. What are the prime factors of p?
2
Let f be (-1)/((-4)/(-124))*-7. Suppose 4*y = -q + 36, 3*y + 3 = -5*q + f. List the prime factors of q.
2, 11
List the prime factors of (60/35 - 2/(-7)) + 128.
2, 5, 13
Let m be ((-22)/(-3))/((-4)/6). Let y = 16 + m. What are the prime factors of y?
5
Let q be 2 + -13*1 - -2. Let v = q + 14. Suppose 4*w + 3*j = 39, -v*w = -0*w + j - 46. List the prime factors of w.
3
Let o be 6/((-5)/(80/6)). Let w(y) = -2*y - 8. List the prime factors of w(o).
2, 3
Let r(w) = -w**3 - 7*w**2 + 2. What are the prime factors of r(-8)?
2, 3, 11
Let u(g) = -g - 5. Let n be u(-9). Suppose n*k + 36 = 8*k. What are the prime factors of k?
3
Suppose 2*a + 8 = 0, -2*h + 4*a = -0*a - 98. List the prime factors of h.
41
Suppose 2*v + 0 = 80. What are the prime factors of v?
2, 5
Suppose o - 53 = 3. Let i = o - 40. List the prime factors of i.
2
Let o(i) = i**3 - 10*i**2 + 17*i - 7. Let j be o(8). Let l(h) = h**2 - 3*h + 3. Let k be l(2). What are the prime factors of 1/k - j*-15?
2
Let j = 13 - 8. Let z(u) = 4*u - 1. What are the prime factors of z(j)?
19
Suppose -8*k = -6*k + 3*n - 695, -2*k + 707 = -n. List the prime factors of k.
2, 11
Let n = -8 - -13. Suppose 0 = -n*i - 5*y + 60, 2*i - i = 4*y - 8. What are the prime factors of i?
2
List the prime factors of (-376)/(-10) - (-15)/(-25).
37
Suppose -2*o - 24 = -5*o. What are the prime factors of ((-12)/16)/((-2)/o)?
3
Suppose -5*k = d, -1 + 21 = -5*k. Let a = d - -11. List the prime factors of a.
31
Suppose -5*h + 431 = 3*i, -93 = 2*i - 5*h - 347. What are the prime factors of i?
137
List the prime factors of 213/(-2)*16/(-24).
71
Let x be 4/(-3)*6/2. Let z = x - -6. Suppose -z*a = -6, -3*a = 3*c - 7*a - 18. List the prime factors of c.
2, 5
Let q(y) = y**3 - 18*y**2 + 23*y + 10. What are the prime factors of q(17)?
2, 7
What are the prime factors of 197*(-2 - -1 - -2)?
197
Let u(j) = j**3 + 14*j**2 - 2*j - 9. List the prime factors of u(-9).
2, 3, 23
Let u = -58 - -85. Let w = u - 4. Suppose 4*o - w = -3*n, 0 - 13 = -n - 4*o. What are the prime factors of n?
5
Let x be 4 + 1 - (-13 + 13). Let q = 29 + x. List the prime factors of q.
2, 17
Let d(k) = 4*k - 1. Let b be d(-4). Let l = -8 - b. What are the prime factors of l?
3
Suppose -2*m = -5*i + 2, -5*m + 0*i + 16 = -2*i. Suppose 3*n + m - 10 = 0. List the prime factors of (1 - n)/(1/(-10)).
2, 5
Suppose -40 = -3*b + i, -4*b + i - 3*i = -40. Suppose -x = x - 3*u, -4*x = -4*u - 4. Suppose -x*f + 6 = -b. What are the prime factors of f?
2, 3
Let b(j) = j. Let c be b(-4). Let g = 12 + c. What are the prime factors of g?
2
Suppose 3*w - 26 = 2*m, -w + 48 = -4*m + 3*w. Let z(p) = -17*p**3 + p**2 + p. Let d be z(-1). Let n = d + m. What are the prime factors of n?
7
Let c = 0 - 2. Let z = 25 + c. What are the prime factors of z?
23
Let b(n) = 6*n**2 + 4*n - 4. What are the prime factors of b(2)?
2, 7
Suppose o - 40 - 87 = 0. What are the prime factors of o?
127
Let n be (-5)/2*(-24)/20. Let s(w) = w**2 + 3*w + 2. What are the prime factors 